{"id":478,"date":"2025-01-27T12:48:30","date_gmt":"2025-01-27T11:48:30","guid":{"rendered":"https:\/\/cookinette.net\/?page_id=478"},"modified":"2025-01-27T16:05:09","modified_gmt":"2025-01-27T15:05:09","slug":"retrouvez-nous","status":"publish","type":"page","link":"https:\/\/cookinette.net\/?page_id=478","title":{"rendered":""},"content":{"rendered":"\t\t<div data-elementor-type=\"wp-page\" data-elementor-id=\"478\" class=\"elementor elementor-478\">\n\t\t\t\t<div class=\"elementor-element elementor-element-d2cdd49 e-flex e-con-boxed e-con e-parent\" data-id=\"d2cdd49\" data-element_type=\"container\">\n\t\t\t\t\t<div class=\"e-con-inner\">\n\t\t\t\t<div class=\"elementor-element elementor-element-fff850d elementor-widget elementor-widget-heading\" data-id=\"fff850d\" data-element_type=\"widget\" data-widget_type=\"heading.default\">\n\t\t\t\t<div class=\"elementor-widget-container\">\n\t\t\t\t\t<h1 class=\"elementor-heading-title elementor-size-default\">Retrouvez nous<\/h1>\t\t\t\t<\/div>\n\t\t\t\t<\/div>\n\t\t\t\t\t<\/div>\n\t\t\t\t<\/div>\n\t\t<div class=\"elementor-element elementor-element-0c82009 e-flex e-con-boxed e-con e-parent\" data-id=\"0c82009\" data-element_type=\"container\">\n\t\t\t\t\t<div class=\"e-con-inner\">\n\t\t<div class=\"elementor-element elementor-element-56dc1e4 e-con-full e-flex e-con e-child\" data-id=\"56dc1e4\" data-element_type=\"container\">\n\t\t\t\t<div class=\"elementor-element elementor-element-51ec27e elementor-widget elementor-widget-text-editor\" data-id=\"51ec27e\" data-element_type=\"widget\" data-widget_type=\"text-editor.default\">\n\t\t\t\t<div class=\"elementor-widget-container\">\n\t\t\t\t\t\t\t\t\t<p>Venez nous rencontrer au <strong>march\u00e9 de PeyBerland \u00e0 Bordeaux<\/strong>\u00a0<strong>tous les dimanches<\/strong> de <strong>10h \u00e0 15h30<\/strong> pour d\u00e9guster nos cr\u00e9ations !<\/p>\t\t\t\t\t\t\t\t<\/div>\n\t\t\t\t<\/div>\n\t\t\t\t<\/div>\n\t\t<div class=\"elementor-element elementor-element-578c981 e-con-full e-flex e-con e-child\" data-id=\"578c981\" data-element_type=\"container\">\n\t\t\t\t<div class=\"elementor-element elementor-element-efe3ade elementor-widget elementor-widget-google_maps\" data-id=\"efe3ade\" data-element_type=\"widget\" data-widget_type=\"google_maps.default\">\n\t\t\t\t<div class=\"elementor-widget-container\">\n\t\t\t\t\t\t\t<div class=\"elementor-custom-embed\">\n\t\t\t<iframe loading=\"lazy\"\n\t\t\t\t\tsrc=\"https:\/\/maps.google.com\/maps?q=peyberland&#038;t=m&#038;z=14&#038;output=embed&#038;iwloc=near\"\n\t\t\t\t\ttitle=\"peyberland\"\n\t\t\t\t\taria-label=\"peyberland\"\n\t\t\t><\/iframe>\n\t\t<\/div>\n\t\t\t\t\t\t<\/div>\n\t\t\t\t<\/div>\n\t\t\t\t<\/div>\n\t\t\t\t\t<\/div>\n\t\t\t\t<\/div>\n\t\t\t\t<\/div>\n\t\t","protected":false},"excerpt":{"rendered":"<p>Retrouvez nous Venez nous rencontrer au march\u00e9 de PeyBerland \u00e0 Bordeaux\u00a0tous les dimanches de 10h \u00e0 15h30 pour d\u00e9guster nos cr\u00e9ations !<\/p>\n","protected":false},"author":1,"featured_media":0,"parent":0,"menu_order":0,"comment_status":"closed","ping_status":"closed","template":"","meta":{"footnotes":""},"class_list":["post-478","page","type-page","status-publish","hentry"],"yoast_head":"<!-- This site is optimized with the Yoast SEO plugin v24.0 - https:\/\/yoast.com\/wordpress\/plugins\/seo\/ -->\n<title>- Cookinette<\/title>\n<meta name=\"robots\" content=\"index, follow, max-snippet:-1, max-image-preview:large, max-video-preview:-1\" \/>\n<link rel=\"canonical\" href=\"https:\/\/cookinette.net\/?page_id=478\" \/>\n<meta property=\"og:locale\" content=\"en_US\" \/>\n<meta property=\"og:type\" content=\"article\" \/>\n<meta property=\"og:title\" content=\"- Cookinette\" \/>\n<meta property=\"og:description\" content=\"Retrouvez nous Venez nous rencontrer au march\u00e9 de PeyBerland \u00e0 Bordeaux\u00a0tous les dimanches de 10h \u00e0 15h30 pour d\u00e9guster nos cr\u00e9ations !\" \/>\n<meta property=\"og:url\" content=\"https:\/\/cookinette.net\/?page_id=478\" \/>\n<meta property=\"og:site_name\" content=\"Cookinette\" \/>\n<meta property=\"article:modified_time\" content=\"2025-01-27T15:05:09+00:00\" \/>\n<meta name=\"twitter:card\" content=\"summary_large_image\" \/>\n<meta name=\"twitter:label1\" content=\"Est. reading time\" \/>\n\t<meta name=\"twitter:data1\" content=\"1 minute\" \/>\n<script type=\"application\/ld+json\" class=\"yoast-schema-graph\">{\"@context\":\"https:\/\/schema.org\",\"@graph\":[{\"@type\":\"WebPage\",\"@id\":\"https:\/\/cookinette.net\/?page_id=478\",\"url\":\"https:\/\/cookinette.net\/?page_id=478\",\"name\":\"- Cookinette\",\"isPartOf\":{\"@id\":\"https:\/\/cookinette.net\/#website\"},\"datePublished\":\"2025-01-27T11:48:30+00:00\",\"dateModified\":\"2025-01-27T15:05:09+00:00\",\"inLanguage\":\"en-US\",\"potentialAction\":[{\"@type\":\"ReadAction\",\"target\":[\"https:\/\/cookinette.net\/?page_id=478\"]}]},{\"@type\":\"WebSite\",\"@id\":\"https:\/\/cookinette.net\/#website\",\"url\":\"https:\/\/cookinette.net\/\",\"name\":\"Cookinette\",\"description\":\"P\u00e2tisseries sur mesure\",\"publisher\":{\"@id\":\"https:\/\/cookinette.net\/#organization\"},\"potentialAction\":[{\"@type\":\"SearchAction\",\"target\":{\"@type\":\"EntryPoint\",\"urlTemplate\":\"https:\/\/cookinette.net\/?s={search_term_string}\"},\"query-input\":{\"@type\":\"PropertyValueSpecification\",\"valueRequired\":true,\"valueName\":\"search_term_string\"}}],\"inLanguage\":\"en-US\"},{\"@type\":\"Organization\",\"@id\":\"https:\/\/cookinette.net\/#organization\",\"name\":\"Cookinette\",\"url\":\"https:\/\/cookinette.net\/\",\"logo\":{\"@type\":\"ImageObject\",\"inLanguage\":\"en-US\",\"@id\":\"https:\/\/cookinette.net\/#\/schema\/logo\/image\/\",\"url\":\"https:\/\/cookinette.net\/wp-content\/uploads\/2024\/11\/Logo-cookinette-final.png\",\"contentUrl\":\"https:\/\/cookinette.net\/wp-content\/uploads\/2024\/11\/Logo-cookinette-final.png\",\"width\":142,\"height\":142,\"caption\":\"Cookinette\"},\"image\":{\"@id\":\"https:\/\/cookinette.net\/#\/schema\/logo\/image\/\"},\"sameAs\":[\"https:\/\/www.instagram.com\/_cookinette_\/\"]}]}<\/script>\n<!-- \/ Yoast SEO plugin. -->","yoast_head_json":{"title":"- Cookinette","robots":{"index":"index","follow":"follow","max-snippet":"max-snippet:-1","max-image-preview":"max-image-preview:large","max-video-preview":"max-video-preview:-1"},"canonical":"https:\/\/cookinette.net\/?page_id=478","og_locale":"en_US","og_type":"article","og_title":"- Cookinette","og_description":"Retrouvez nous Venez nous rencontrer au march\u00e9 de PeyBerland \u00e0 Bordeaux\u00a0tous les dimanches de 10h \u00e0 15h30 pour d\u00e9guster nos cr\u00e9ations !","og_url":"https:\/\/cookinette.net\/?page_id=478","og_site_name":"Cookinette","article_modified_time":"2025-01-27T15:05:09+00:00","twitter_card":"summary_large_image","twitter_misc":{"Est. reading time":"1 minute"},"schema":{"@context":"https:\/\/schema.org","@graph":[{"@type":"WebPage","@id":"https:\/\/cookinette.net\/?page_id=478","url":"https:\/\/cookinette.net\/?page_id=478","name":"- Cookinette","isPartOf":{"@id":"https:\/\/cookinette.net\/#website"},"datePublished":"2025-01-27T11:48:30+00:00","dateModified":"2025-01-27T15:05:09+00:00","inLanguage":"en-US","potentialAction":[{"@type":"ReadAction","target":["https:\/\/cookinette.net\/?page_id=478"]}]},{"@type":"WebSite","@id":"https:\/\/cookinette.net\/#website","url":"https:\/\/cookinette.net\/","name":"Cookinette","description":"P\u00e2tisseries sur mesure","publisher":{"@id":"https:\/\/cookinette.net\/#organization"},"potentialAction":[{"@type":"SearchAction","target":{"@type":"EntryPoint","urlTemplate":"https:\/\/cookinette.net\/?s={search_term_string}"},"query-input":{"@type":"PropertyValueSpecification","valueRequired":true,"valueName":"search_term_string"}}],"inLanguage":"en-US"},{"@type":"Organization","@id":"https:\/\/cookinette.net\/#organization","name":"Cookinette","url":"https:\/\/cookinette.net\/","logo":{"@type":"ImageObject","inLanguage":"en-US","@id":"https:\/\/cookinette.net\/#\/schema\/logo\/image\/","url":"https:\/\/cookinette.net\/wp-content\/uploads\/2024\/11\/Logo-cookinette-final.png","contentUrl":"https:\/\/cookinette.net\/wp-content\/uploads\/2024\/11\/Logo-cookinette-final.png","width":142,"height":142,"caption":"Cookinette"},"image":{"@id":"https:\/\/cookinette.net\/#\/schema\/logo\/image\/"},"sameAs":["https:\/\/www.instagram.com\/_cookinette_\/"]}]}},"_links":{"self":[{"href":"https:\/\/cookinette.net\/index.php?rest_route=\/wp\/v2\/pages\/478","targetHints":{"allow":["GET"]}}],"collection":[{"href":"https:\/\/cookinette.net\/index.php?rest_route=\/wp\/v2\/pages"}],"about":[{"href":"https:\/\/cookinette.net\/index.php?rest_route=\/wp\/v2\/types\/page"}],"author":[{"embeddable":true,"href":"https:\/\/cookinette.net\/index.php?rest_route=\/wp\/v2\/users\/1"}],"replies":[{"embeddable":true,"href":"https:\/\/cookinette.net\/index.php?rest_route=%2Fwp%2Fv2%2Fcomments&post=478"}],"version-history":[{"count":11,"href":"https:\/\/cookinette.net\/index.php?rest_route=\/wp\/v2\/pages\/478\/revisions"}],"predecessor-version":[{"id":596,"href":"https:\/\/cookinette.net\/index.php?rest_route=\/wp\/v2\/pages\/478\/revisions\/596"}],"wp:attachment":[{"href":"https:\/\/cookinette.net\/index.php?rest_route=%2Fwp%2Fv2%2Fmedia&parent=478"}],"curies":[{"name":"wp","href":"https:\/\/api.w.org\/{rel}","templated":true}]}}